 of 374068.
2, 17, 5501
What are the prime factors of 493817?
493817
List the prime factors of 10378928.
2, 7, 92669
List the prime factors of 808692.
2, 3, 67391
What are the prime factors of 742418?
2, 229, 1621
What are the prime factors of 7095768?
2, 3, 173, 1709
List the prime factors of 332591.
7, 47513
List the prime factors of 5993878.
2, 11, 272449
What are the prime factors of 2001696?
2, 3, 29, 719
List the prime factors of 30390249.
3, 1619, 6257
What are the prime factors of 11678977?
19, 614683
What are the prime factors of 83868?
2, 3, 29, 241
List the prime factors of 2874348.
2, 3, 79843
List the prime factors of 1824435.
3, 5, 40543
What are the prime factors of 5773848?
2, 3, 113, 2129
List the prime factors of 5257860.
2, 3, 5, 87631
List the prime factors of 139272.
2, 3, 7, 829
What are the prime factors of 2663581?
2663581
List the prime factors of 30537.
3, 13, 29
What are the prime factors of 163948?
2, 17, 2411
List the prime factors of 31852140.
2, 3, 5, 530869
List the prime factors of 3030547.
13, 113, 2063
What are the prime factors of 179060?
2, 5, 7, 1279
What are the prime factors of 1277487?
3, 43, 3301
What are the prime factors of 1924739?
71, 27109
What are the prime factors of 1474302?
2, 3, 29, 37, 229
List the prime factors of 4250897.
7, 86753
List the prime factors of 269829.
3, 7, 4283
What are the prime factors of 2284985?
5, 107, 4271
List the prime factors of 884270.
2, 5, 88427
List the prime factors of 193331.
103, 1877
List the prime factors of 726697.
726697
What are the prime factors of 1430?
2, 5, 11, 13
List the prime factors of 28767612.
2, 3, 251, 9551
What are the prime factors of 68383?
7, 9769
What are the prime factors of 1969884?
2, 3, 7, 7817
List the prime factors of 1869290.
2, 5, 107, 1747
What are the prime factors of 3009079?
199, 15121
What are the prime factors of 1057196?
2, 7, 17, 2221
What are the prime factors of 8687757?
3, 13, 331, 673
List the prime factors of 20637234.
2, 3, 382171
List the prime factors of 943774.
2, 13, 36299
What are the prime factors of 15990705?
3, 5, 269, 1321
List the prime factors of 228150.
2, 3, 5, 13
What are the prime factors of 366507?
3, 193, 211
What are the prime factors of 18199668?
2, 3, 1516639
List the prime factors of 12640563.
3, 13, 36013
What are the prime factors of 409277?
11, 29, 1283
What are the prime factors of 127871?
71, 1801
List the prime factors of 296359.
7, 42337
What are the prime factors of 12740238?
2, 3, 7, 101113
List the prime factors of 1200521.
7, 41, 47, 89
List the prime factors of 336481.
17, 19793
List the prime factors of 751351.
751351
List the prime factors of 4290192.
2, 3, 9931
What are the prime factors of 11391911?
31, 89, 4129
What are the prime factors of 826710?
2, 3, 5, 17, 1621
What are the prime factors of 5220459?
3, 19, 30529
What are the prime factors of 444664?
2, 11, 31, 163
List the prime factors of 1103162.
2, 551581
List the prime factors of 4479708.
2, 3, 241, 1549
What are the prime factors of 9049174?
2, 887, 5101
List the prime factors of 2367273.
3, 789091
What are the prime factors of 137801?
41, 3361
List the prime factors of 18680.
2, 5, 467
What are the prime factors of 16308?
2, 3, 151
List the prime factors of 8805392.
2, 550337
What are the prime factors of 6484758?
2, 3, 7, 23, 137
List the prime factors of 74599.
7, 10657
List the prime factors of 381359.
11, 37, 937
List the prime factors of 497700.
2, 3, 5, 7, 79
What are the prime factors of 14555826?
2, 3, 23, 35159
List the prime factors of 12856161.
3, 67, 167, 383
What are the prime factors of 4878128?
2, 304883
List the prime factors of 136600.
2, 5, 683
List the prime factors of 329294.
2, 7, 43, 547
What are the prime factors of 10807604?
2, 29, 93169
List the prime factors of 1077643.
7, 153949
List the prime factors of 15630710.
2, 5, 29, 53899
List the prime factors of 48818.
2, 7, 11, 317
List the prime factors of 23745163.
13, 31, 58921
What are the prime factors of 125530?
2, 5, 12553
What are the prime factors of 242423?
149, 1627
What are the prime factors of 967391?
967391
List the prime factors of 1950554.
2, 975277
What are the prime factors of 5448101?
5448101
List the prime factors of 200492.
2, 50123
List the prime factors of 1518822.
2, 3, 19, 4441
List the prime factors of 907842.
2, 3, 13, 103, 113
List the prime factors of 51535.
5, 11, 937
List the prime factors of 208868.
2, 11, 47, 101
List the prime factors of 16009.
7, 2287
What are the prime factors of 7290968?
2, 911371
What are the prime factors of 31339826?
2, 7, 41, 71, 769
What are the prime factors of 9193593?
3, 3064531
List the prime factors of 15219115.
5, 3043823
List the prime factors of 272641.
103, 2647
List the prime factors of 6874544.
2, 429659
List the prime factors of 21348835.
5, 4269767
What are the prime factors of 174728?
2, 21841
What are the prime factors of 1003205?
5, 7, 28663
What are the prime factors of 576343?
443, 1301
List the prime factors of 636056.
2, 43
List the prime factors of 9238487.
107, 86341
List the prime factors of 1513287.
3, 168143
What are the prime factors of 111612?
2, 3, 71, 131
What are the prime factors of 1270981?
1270981
What are the prime factors of 118017?
3, 31, 47
List the prime factors of 338669.
338669
List the prime factors of 2316950.
2, 5, 149, 311
List the prime factors of 10615932.
2, 3, 294887
List the prime factors of 777180.
2, 3, 5, 12953
List the prime factors of 94588.
2, 13, 17, 107
List the prime factors of 458047.
458047
List the prime factors of 1198864.
2, 74929
What are the prime factors of 136200?
2, 3, 5, 227
What are the prime factors of 538341?
3, 311, 577
List the prime factors of 424709.
424709
What are the prime factors of 2867760?
2, 3, 5, 7, 569
List the prime factors of 20671009.
61, 107, 3167
What are the prime factors of 15843586?
2, 11, 109, 6607
List the prime factors of 200037.
3, 131, 509
What are the prime factors of 2175433?
13, 167341
List the prime factors of 1818726.
2, 3, 7, 13, 3331
List the prime factors of 311491.
17, 73, 251
List the prime factors of 141548.
2, 11, 3217
List the prime factors of 7928410.
2, 5, 7, 191, 593
What are the prime factors of 12361?
47, 263
What are the prime factors of 9015547?
9015547
List the prime factors of 941.
941
What are the prime factors of 51581?
51581
What are the prime factors of 4135750?
2, 5, 71, 233
List the prime factors of 1972829.
1972829
What are the prime factors of 602536?
2, 11, 41, 167
List the prime factors of 1676783.
1676783
What are the prime factors of 2048889?
3, 373, 1831
What are the prime factors of 758815?
5, 47, 3229
List the prime factors of 753130.
2, 5, 7, 29, 53
List the prime factors of 251685.
3, 5, 7, 17, 47
What are the prime factors of 1073810?
2, 5, 167, 643
What are the prime factors of 21861670?
2, 5, 79, 27673
What are the prime factors of 133125?
3, 5, 71
List the prime factors of 241887.
3, 80629
What are the prime factors of 32340?
2, 3, 5, 7, 11
List the prime factors of 5907077.
11, 537007
What are the prime factors of 1027627?
139, 7393
What are the prime factors of 673679?
163, 4133
List the prime factors of 114937.
17, 6761
What are the prime factors of 2448423?
3, 163, 1669
What are the prime factors of 14541?
3, 37, 131
List the prime factors of 322588.
2, 7, 41, 281
What are the prime factors of 243738?
2, 3, 11, 1231
List the prime factors of 11638050.
2, 3, 5, 77587
What are the prime factors of 4145665?
5, 37, 22409
List the prime factors of 1382397.
3, 41, 11239
What are the prime factors of 2077298?
2, 17, 107, 571
What are the prime factors of 94347?
3, 11, 953
List the prime factors of 3148136.
2, 393517
What are the prime factors of 140136?
2, 3, 5839
List the prime factors of 12481489.
571, 21859
List the prime factors of 284245.
5, 13, 4373
What are the prime factors of 7453796?
2, 7, 509, 523
List the prime factors of 1216456.
2, 19, 53, 151
List the prime factors of 368141.
368141
List the prime factors of 644237.
11, 58567
List the prime factors of 108675.
3, 5, 7, 23
List the prime factors of 9244541.
31, 298211
List the prime factors of 936114.
2, 3, 156019
List the prime factors of 263832.
2, 3, 10993
List the prime factors of 23